 number?
True
Is 205491659941 composite?
False
Is 1015901 a prime number?
False
Is 25587568081 prime?
True
Is 23528584949 prime?
False
Is 11816055643 prime?
False
Is 2076784865 composite?
True
Is 4579966913 prime?
False
Is 49709009587 a composite number?
True
Is 55138049167 a prime number?
True
Is 1711189681 prime?
True
Is 5641552937 a composite number?
True
Is 8771602409 a composite number?
True
Is 95625323039 a composite number?
True
Is 24870562763 a prime number?
True
Is 883749089 a composite number?
False
Is 198908341 prime?
True
Is 14815618127 composite?
True
Is 105549007 a prime number?
False
Is 1937477543 a composite number?
False
Is 703878709 prime?
True
Is 48660395899 a prime number?
True
Is 2755866767 prime?
True
Is 143851061 a prime number?
True
Is 502405517 prime?
False
Is 26924693 a composite number?
True
Is 1455670855 a prime number?
False
Is 1300993607 a composite number?
False
Is 10843789263 prime?
False
Is 1183109617 prime?
False
Is 5045295639 a prime number?
False
Is 905105759 composite?
True
Is 80106601379 a prime number?
False
Is 1392194513 a composite number?
True
Is 2052800273 a composite number?
False
Is 6668314183 a prime number?
True
Is 212027917 a prime number?
False
Is 224724389 a composite number?
True
Is 21898758433 a prime number?
True
Is 11661491662 prime?
False
Is 9400426033 a prime number?
True
Is 2382991333 a prime number?
True
Is 1161202793 composite?
False
Is 4766008843 a composite number?
False
Is 2127121247 a prime number?
False
Is 23890851869 prime?
True
Is 1163248591 a composite number?
True
Is 57160880507 composite?
False
Is 22294965463 prime?
True
Is 19380686901 prime?
False
Is 18995335321 prime?
False
Is 2395086101 a prime number?
True
Is 44341463 prime?
True
Is 6848586809 prime?
False
Is 242875421171 composite?
False
Is 2747682209 a composite number?
False
Is 890702611 prime?
True
Is 5370463271 prime?
False
Is 48148637501 a prime number?
True
Is 154578934 prime?
False
Is 4881874073 composite?
False
Is 36852362257 a prime number?
False
Is 6009552467 composite?
False
Is 245610647 prime?
True
Is 15059817163 a prime number?
False
Is 3659840531 composite?
True
Is 2991553141 composite?
True
Is 376201153 a prime number?
True
Is 1103292319 prime?
True
Is 1691465273 a composite number?
True
Is 385168346 a composite number?
True
Is 38070898631 prime?
True
Is 38052929617 composite?
False
Is 1434525913 composite?
False
Is 118034567969 prime?
False
Is 44173331903 a composite number?
False
Is 42545687 a composite number?
True
Is 16667248621 composite?
True
Is 1181149 a composite number?
False
Is 2239232657 composite?
False
Is 57577128331 a composite number?
False
Is 10196422521 prime?
False
Is 118018711 a composite number?
True
Is 67100245 a prime number?
False
Is 9264500971 prime?
False
Is 252957743501 composite?
True
Is 607694387 a prime number?
True
Is 59829976091 composite?
True
Is 4179836537 composite?
False
Is 65668709069 a prime number?
False
Is 1331349473 composite?
False
Is 24348614557 composite?
False
Is 134947336813 a prime number?
False
Is 15127169763 a composite number?
True
Is 26610802537 a prime number?
False
Is 12564335194 a prime number?
False
Is 110575229827 composite?
True
Is 24377713753 composite?
True
Is 2098192391 prime?
True
Is 6465918157 a prime number?
False
Is 25331433077 composite?
True
Is 10857336335 composite?
True
Is 334044433 a prime number?
False
Is 701711183 a prime number?
False
Is 5930874083 a prime number?
True
Is 5664918277 a composite number?
True
Is 16450104823 composite?
False
Is 8634184673 a composite number?
True
Is 2229008003 a composite number?
False
Is 3021643 composite?
False
Is 11388071291 a prime number?
False
Is 496354907 composite?
False
Is 10267570301 a composite number?
False
Is 715458721 a prime number?
False
Is 61432851 a composite number?
True
Is 723262571 a composite number?
False
Is 4935335219 composite?
False
Is 22380509 a composite number?
True
Is 1023907949 composite?
False
Is 52244143499 composite?
False
Is 4040550401 prime?
True
Is 793342461 a composite number?
True
Is 3387386243 composite?
True
Is 61238192317 a composite number?
True
Is 421292791 a composite number?
False
Is 1957266071 prime?
False
Is 14887541 composite?
True
Is 31581930577 a prime number?
False
Is 638436229 a composite number?
True
Is 3075452399 a prime number?
True
Is 1145576657 a prime number?
True
Is 72195200269 prime?
False
Is 1358388263 prime?
False
Is 2155254467 prime?
False
Is 4393455659 composite?
True
Is 45942571 a prime number?
False
Is 664763771 prime?
False
Is 2391518111 a prime number?
True
Is 42823862779 composite?
False
Is 404057887 prime?
False
Is 17436886079 prime?
False
Is 21596984801 composite?
True
Is 464095669 a prime number?
True
Is 15279362603 composite?
True
Is 5142341081 composite?
True
Is 66521856829 a composite number?
True
Is 1208146513 a prime number?
False
Is 808996603 prime?
True
Is 3482267053 a prime number?
True
Is 363640087 prime?
True
Is 667973251 a composite number?
True
Is 5939150027 a composite number?
False
Is 7633344659 prime?
True
Is 1127999713 prime?
True
Is 4161785779 prime?
True
Is 11667362783 a prime number?
True
Is 804925031 prime?
False
Is 7477843657 composite?
True
Is 62599111 a prime number?
False
Is 1420601839 prime?
False
Is 9357569281 a composite number?
False
Is 936219709 composite?
True
Is 4700411971 a composite number?
False
Is 15494209 prime?
True
Is 1081427861 composite?
False
Is 51375297191 composite?
True
Is 120446591 a prime number?
True
Is 59804431 a composite number?
True
Is 45675185359 a composite number?
True
Is 1695605323 a composite number?
True
Is 5702867327 a prime number?
True
Is 39514314503 prime?
True
Is 64067073029 composite?
False
Is 26560011481 a composite number?
True
Is 29732636243 a composite number?
True
Is 73621901 a prime number?
True
Is 544665581 prime?
True
Is 10086550393 a composite number?
False
Is 5381380703 a composite number?
False
Is 20974493093 prime?
True
Is 59393141 composite?
True
Is 919684511 composite?
True
Is 19105398007 composite?
True
Is 317071264771 prime?
True
Is 587817689 prime?
True
Is 251745073 prime?
True
Is 46180714337 a composite number?
False
Is 255266113 prime?
False
Is 317453143 a composite number?
True
Is 16431055217 a prime number?
False
Is 11101324387 prime?
False
Is 59129516807 prime?
False
Is 16413080977 a composite number?
False
Is 2150575393 composite?
False
Is 3317677327 a composite number?
False
Is 303020539 a prime number?
False
Is 3768550481 composite?
True
Is 2582393213 prime?
True
Is 6609057599 prime?
False
Is 6404622079 a composite number?
False
Is 525451439 composite?
False
Is 1970791987 prime?
False
Is 646781923 composite?
True
Is 83346745319 a prime number?
False
Is 15611974267 composite?
True
Is 2779706029 a composite number?
False
Is 2615825599 a prime number?
True
Is 772490683 a composite number?
False
Is 2939983931 prime?
True
Is 8958926023 a prime number?
True
Is 497644607 a composite number?
False
Is 17886062891 a composite number?
True
Is 12457451 a prime number?
True
Is 1015005697 a prime number?
True
Is 33777062807 composite?
False
Is 9232869563 a prime number?
True
Is 782792911 a composite number?
True
Is 16086549019 composite?
True
Is 1721274141 a prime number?
False
Is 33640015433 composite?
True
Is 136442417 prime?
False
Is 2398210853 composite?
True
Is 2631988477 a composite number?
False
Is 8161473289 a composite number?
True
Is 611513603 a prime number?
False
Is 30938851 a composite number?
True
Is 3925175567 prime?
True
Is 22697072666 prime?
False
Is 54160571627 a composite number?
False
Is 2771738951 a prime number?
True
Is 120886403641 a composite number?
True
Is 8373397489 a prime number?
False
Is 12444256151 composite?
True
Is 72031199 a prime number?
True
Is 13305978263 composite?
False
Is 340482949 a prime number?
False
Is 4453769057 a prime number?
False
Is 5852615669 a composite number?
False
Is 96911537159 a prime number?
True
Is 447789553 a composite number?
True
Is 184156061 composite?
True
Is 13493545843 a composite number?
True
Is 69302606491 a composite number?
True
Is 74415118683 composite?
True
Is 1266208843 prime?
True
Is 25265878321 a prime number?
True
Is 15978651499 a composite number?
False
Is 17287027617 a prime number